{"id":961,"date":"2024-12-13T09:12:47","date_gmt":"2024-12-13T09:12:47","guid":{"rendered":"https:\/\/www.restaurant-thalesbrest.fr\/?page_id=961"},"modified":"2025-02-03T15:53:45","modified_gmt":"2025-02-03T15:53:45","slug":"elementor-961","status":"publish","type":"page","link":"https:\/\/www.restaurant-thalesbrest.fr\/index.php\/elementor-961\/","title":{"rendered":"Clic &amp; collect"},"content":{"rendered":"\t\t<div data-elementor-type=\"wp-page\" data-elementor-id=\"961\" class=\"elementor elementor-961\">\n\t\t\t\t<div class=\"elementor-element elementor-element-7d7c466 e-flex e-con-boxed e-con e-parent\" data-id=\"7d7c466\" data-element_type=\"container\">\n\t\t\t\t\t<div class=\"e-con-inner\">\n\t\t\t\t<div class=\"elementor-element elementor-element-aaf3d89 elementor-widget elementor-widget-text-editor\" data-id=\"aaf3d89\" data-element_type=\"widget\" data-widget_type=\"text-editor.default\">\n\t\t\t\t<div class=\"elementor-widget-container\">\n\t\t\t\t\t\t\t<p><span style=\"color: #32ad27; font-size: 46px;\"><strong>Clic &amp; collect<\/strong><\/span><\/p>\t\t\t\t\t\t<\/div>\n\t\t\t\t<\/div>\n\t\t\t\t<div class=\"elementor-element elementor-element-180c321 elementor-widget elementor-widget-text-editor\" data-id=\"180c321\" data-element_type=\"widget\" data-widget_type=\"text-editor.default\">\n\t\t\t\t<div class=\"elementor-widget-container\">\n\t\t\t\t\t\t\t<p><span style=\"color: #808080;\"><span style=\"font-family: arial, helvetica, sans-serif; font-size: 16px;\">Simplifiez vos pauses d\u00e9jeuner \u00ab\u00a0\u00e0 emporter\u00a0\u00bb gr\u00e2ce au Click &amp; Collect ! <\/span><span style=\"font-family: arial, helvetica, sans-serif; font-size: 16px;\">Commandez votre repas \u00e0 emporter sur le site C\u00f4t\u00e9 Resto.<\/span><\/span><\/p>\t\t\t\t\t\t<\/div>\n\t\t\t\t<\/div>\n\t\t\t\t<div class=\"elementor-element elementor-element-2bbd2f9 elementor-widget elementor-widget-button\" data-id=\"2bbd2f9\" data-element_type=\"widget\" data-widget_type=\"button.default\">\n\t\t\t\t<div class=\"elementor-widget-container\">\n\t\t\t\t\t\t\t<div class=\"elementor-button-wrapper\">\n\t\t\t\t\t<a class=\"elementor-button elementor-button-link elementor-size-sm\" href=\"https:\/\/cote-resto.com\/\" target=\"_blank\">\n\t\t\t\t\t\t<span class=\"elementor-button-content-wrapper\">\n\t\t\t\t\t\t\t\t\t<span class=\"elementor-button-text\">Je r\u00e9serve en click & collect<\/span>\n\t\t\t\t\t<\/span>\n\t\t\t\t\t<\/a>\n\t\t\t\t<\/div>\n\t\t\t\t\t\t<\/div>\n\t\t\t\t<\/div>\n\t\t\t\t<div class=\"elementor-element elementor-element-c6d02a2 elementor-widget elementor-widget-text-editor\" data-id=\"c6d02a2\" data-element_type=\"widget\" data-widget_type=\"text-editor.default\">\n\t\t\t\t<div class=\"elementor-widget-container\">\n\t\t\t\t\t\t\t<p><span style=\"font-size: 16px;\">Vous n&rsquo;avez pas de compte C\u00f4t\u00e9 Resto ?<\/span><\/p><ul><li><p><span style=\"color: #ff6600; font-size: 16px;\">Cr\u00e9er votre compte :<\/span><br \/><span style=\"font-size: 16px;\">Acc\u00e9dez au formulaire d\u2019inscription via le lien suivant :<\/span><br \/><span style=\"font-size: 16px;\"><a href=\"https:\/\/api.x-gil.fr\/api-register?site=THALES29\" target=\"_new\" rel=\"noopener\">https:\/\/api.x-gil.fr\/api-register?site=THALES29<\/a><\/span><\/p><\/li><li><p><span style=\"color: #ff6600; font-size: 16px;\">Identifiant :<\/span><br \/><span style=\"font-size: 16px;\">R\u00e9cup\u00e9rez l\u2019identifiant indiqu\u00e9 sur votre ticket de caisse.<\/span><\/p><\/li><li><p><span style=\"color: #ff6600; font-size: 16px;\">D\u00e9finir votre mot de passe :<\/span><br \/><span style=\"font-size: 16px;\">\u00c0 la fin de l\u2019inscription, vous recevrez un e-mail avec un lien pour d\u00e9finir votre mot de passe.<\/span><\/p><\/li><\/ul>\t\t\t\t\t\t<\/div>\n\t\t\t\t<\/div>\n\t\t\t\t<div class=\"elementor-element elementor-element-a255a87 elementor-widget__width-initial elementor-widget elementor-widget-image\" data-id=\"a255a87\" data-element_type=\"widget\" data-widget_type=\"image.default\">\n\t\t\t\t<div class=\"elementor-widget-container\">\n\t\t\t\t\t\t\t\t\t\t\t\t\t<img fetchpriority=\"high\" decoding=\"async\" width=\"780\" height=\"423\" src=\"https:\/\/www.restaurant-thalesbrest.fr\/wp-content\/uploads\/2025\/02\/Clickcollect1.png\" class=\"attachment-large size-large wp-image-1204\" alt=\"\" srcset=\"https:\/\/www.restaurant-thalesbrest.fr\/wp-content\/uploads\/2025\/02\/Clickcollect1.png 992w, https:\/\/www.restaurant-thalesbrest.fr\/wp-content\/uploads\/2025\/02\/Clickcollect1-300x163.png 300w, https:\/\/www.restaurant-thalesbrest.fr\/wp-content\/uploads\/2025\/02\/Clickcollect1-768x417.png 768w\" sizes=\"(max-width: 780px) 100vw, 780px\" \/>\t\t\t\t\t\t\t\t\t\t\t\t\t<\/div>\n\t\t\t\t<\/div>\n\t\t\t\t<div class=\"elementor-element elementor-element-5b5eeb7 elementor-widget elementor-widget-spacer\" data-id=\"5b5eeb7\" data-element_type=\"widget\" data-widget_type=\"spacer.default\">\n\t\t\t\t<div class=\"elementor-widget-container\">\n\t\t\t\t\t<div class=\"elementor-spacer\">\n\t\t\t<div class=\"elementor-spacer-inner\"><\/div>\n\t\t<\/div>\n\t\t\t\t<\/div>\n\t\t\t\t<\/div>\n\t\t\t\t\t<\/div>\n\t\t\t\t<\/div>\n\t\t\t\t<\/div>\n\t\t","protected":false},"excerpt":{"rendered":"<p>Clic &amp; collect Simplifiez vos pauses d\u00e9jeuner \u00ab\u00a0\u00e0 emporter\u00a0\u00bb gr\u00e2ce au Click &amp; Collect ! Commandez votre repas \u00e0 emporter sur le site C\u00f4t\u00e9 Resto. Je r\u00e9serve en click &#038; collect Vous n&rsquo;avez pas de compte C\u00f4t\u00e9 Resto ? Cr\u00e9er votre compte :Acc\u00e9dez au formulaire d\u2019inscription via le lien suivant :https:\/\/api.x-gil.fr\/api-register?site=THALES29 Identifiant :R\u00e9cup\u00e9rez l\u2019identifiant indiqu\u00e9&hellip; <\/p>\n<div class=\"readmore-wrapper\"><a href=\"https:\/\/www.restaurant-thalesbrest.fr\/index.php\/elementor-961\/\" class=\"more-link\">Read <\/a><\/div>\n","protected":false},"author":1,"featured_media":0,"parent":0,"menu_order":0,"comment_status":"closed","ping_status":"closed","template":"","meta":{"footnotes":""},"class_list":["post-961","page","type-page","status-publish","hentry"],"_links":{"self":[{"href":"https:\/\/www.restaurant-thalesbrest.fr\/index.php\/wp-json\/wp\/v2\/pages\/961","targetHints":{"allow":["GET"]}}],"collection":[{"href":"https:\/\/www.restaurant-thalesbrest.fr\/index.php\/wp-json\/wp\/v2\/pages"}],"about":[{"href":"https:\/\/www.restaurant-thalesbrest.fr\/index.php\/wp-json\/wp\/v2\/types\/page"}],"author":[{"embeddable":true,"href":"https:\/\/www.restaurant-thalesbrest.fr\/index.php\/wp-json\/wp\/v2\/users\/1"}],"replies":[{"embeddable":true,"href":"https:\/\/www.restaurant-thalesbrest.fr\/index.php\/wp-json\/wp\/v2\/comments?post=961"}],"version-history":[{"count":48,"href":"https:\/\/www.restaurant-thalesbrest.fr\/index.php\/wp-json\/wp\/v2\/pages\/961\/revisions"}],"predecessor-version":[{"id":1414,"href":"https:\/\/www.restaurant-thalesbrest.fr\/index.php\/wp-json\/wp\/v2\/pages\/961\/revisions\/1414"}],"wp:attachment":[{"href":"https:\/\/www.restaurant-thalesbrest.fr\/index.php\/wp-json\/wp\/v2\/media?parent=961"}],"curies":[{"name":"wp","href":"https:\/\/api.w.org\/{rel}","templated":true}]}}