{"id":76,"date":"2023-12-20T13:51:33","date_gmt":"2023-12-20T13:51:33","guid":{"rendered":"https:\/\/www.restaurant-thalesbrest.fr\/?page_id=76"},"modified":"2025-03-12T14:41:29","modified_gmt":"2025-03-12T14:41:29","slug":"restauration-commerciale","status":"publish","type":"page","link":"https:\/\/www.restaurant-thalesbrest.fr\/index.php\/restauration-commerciale\/","title":{"rendered":"Restauration commerciale"},"content":{"rendered":"\t\t<div data-elementor-type=\"wp-page\" data-elementor-id=\"76\" class=\"elementor elementor-76\">\n\t\t\t\t<div class=\"elementor-element elementor-element-2602111 e-flex e-con-boxed e-con e-parent\" data-id=\"2602111\" data-element_type=\"container\">\n\t\t\t\t\t<div class=\"e-con-inner\">\n\t\t\t\t<div class=\"elementor-element elementor-element-2c74bfa elementor-widget elementor-widget-heading\" data-id=\"2c74bfa\" data-element_type=\"widget\" data-widget_type=\"heading.default\">\n\t\t\t\t<div class=\"elementor-widget-container\">\n\t\t\t<h1 class=\"elementor-heading-title elementor-size-xl\">Club \/ Brasserie \/ Room Service<\/h1>\t\t<\/div>\n\t\t\t\t<\/div>\n\t\t\t\t<div class=\"elementor-element elementor-element-733691c elementor-widget__width-inherit elementor-widget elementor-widget-text-editor\" data-id=\"733691c\" data-element_type=\"widget\" data-widget_type=\"text-editor.default\">\n\t\t\t\t<div class=\"elementor-widget-container\">\n\t\t\t\t\t\t\t<p><span style=\"font-family: arial, helvetica, sans-serif;\"><strong><span style=\"font-size: 18px; color: #ff6600;\">R\u00e9servations et acc\u00e8s<\/span><\/strong><\/span><\/p><p><strong><span style=\"text-decoration: underline; font-size: 16px; font-family: arial, helvetica, sans-serif; color: #000000;\"><a style=\"color: #000000; text-decoration: underline;\" href=\"https:\/\/www.restaurant-thalesbrest.fr\/wp-content\/uploads\/2025\/03\/Book-API-Traiteur-Thales-Brest-MARS-2025.pdf\">Book API Traiteur Thales Brest (mise \u00e0 jour : mars 2025)<\/a><\/span><\/strong><\/p><ul><li><span style=\"font-size: 16px; font-family: arial, helvetica, sans-serif; color: #808080;\">Pour r\u00e9server au Club \/ Brasserie \/ Room Service, vous devez \u00eatre inscrit aupr\u00e8s du <strong>secr\u00e9taire du CSE<\/strong>, David Hervouet.<\/span><\/li><li><span style=\"font-size: 16px; font-family: arial, helvetica, sans-serif; color: #808080;\">Pour ajouter une nouvelle personne autoris\u00e9e \u00e0 effectuer des r\u00e9servations, merci de contacter le secr\u00e9taire du CSE.<\/span><\/li><\/ul><p><strong><span style=\"font-size: 18px; font-family: arial, helvetica, sans-serif; color: #ff6600;\">Comment acc\u00e9der \u00e0 l\u2019application de r\u00e9servation :<\/span><\/strong><\/p><ol><li><span style=\"font-size: 16px; font-family: arial, helvetica, sans-serif; color: #808080;\">Rendez-vous sur le site de r\u00e9servation : <a style=\"color: #808080;\" href=\"https:\/\/www.popntake.com\" target=\"_new\" rel=\"noopener\"><strong>POP&amp;TAKE<\/strong><\/a>.<\/span><\/li><li><span style=\"font-size: 16px; font-family: arial, helvetica, sans-serif; color: #808080;\">Renseignez votre <strong>login<\/strong> : pr\u00e9nom.nom<\/span><\/li><li><span style=\"font-size: 16px; font-family: arial, helvetica, sans-serif; color: #808080;\"><strong>Mot de passe initial<\/strong> (premi\u00e8re connexion) : <strong>azerty123<\/strong><\/span><\/li><li><span style=\"font-size: 16px; font-family: arial, helvetica, sans-serif; color: #808080;\"><strong>Changez votre mot de passe<\/strong> d\u00e8s votre premi\u00e8re connexion pour plus de s\u00e9curit\u00e9.<\/span><\/li><\/ol><p><strong><span style=\"font-size: 18px; font-family: arial, helvetica, sans-serif; color: #ff6600;\">V\u00e9rifications lors de votre premi\u00e8re commande :<br \/><\/span><\/strong><span style=\"font-size: 16px; font-family: arial, helvetica, sans-serif; color: #808080;\">Avant de passer votre commande, assurez-vous de bien v\u00e9rifier les informations suivantes :<\/span><\/p><ul><li><span style=\"font-size: 16px; font-family: arial, helvetica, sans-serif; color: #808080;\"><strong>Nom<\/strong><\/span><\/li><li><span style=\"font-size: 16px; font-family: arial, helvetica, sans-serif; color: #808080;\"><strong>Pr\u00e9nom<\/strong><\/span><\/li><li><span style=\"font-size: 16px; font-family: arial, helvetica, sans-serif; color: #808080;\"><strong>Email<\/strong><\/span><\/li><li><span style=\"font-size: 16px; font-family: arial, helvetica, sans-serif; color: #808080;\"><strong>Organisme par d\u00e9faut<\/strong> : CSE, TDMS, TGS, TSN, Vinci<\/span><\/li><\/ul><p><span style=\"color: #ff6600; font-size: 18px;\"><strong><span style=\"font-family: arial, helvetica, sans-serif;\">R\u00e9server avec Pop&amp;Take <\/span><\/strong><strong style=\"font-family: arial, helvetica, sans-serif; text-align: var(--text-align);\">:<\/strong><\/span><span style=\"font-family: arial, helvetica, sans-serif; font-weight: var( --e-global-typography-text-font-weight ); text-align: var(--text-align);\">\u00a0<span style=\"text-decoration: underline;\"><a style=\"color: #333333; transition-property: all; text-decoration: underline;\" href=\"https:\/\/www.restaurant-thalesbrest.fr\/index.php\/pop-take\/\">cliquer ici<\/a><\/span><\/span><\/p>\t\t\t\t\t\t<\/div>\n\t\t\t\t<\/div>\n\t\t\t\t\t<\/div>\n\t\t\t\t<\/div>\n\t\t<div class=\"elementor-element elementor-element-470f1b8b e-con-full e-flex e-con e-parent\" data-id=\"470f1b8b\" data-element_type=\"container\">\n\t\t\t\t<\/div>\n\t\t\t\t<\/div>\n\t\t","protected":false},"excerpt":{"rendered":"<p>Club \/ Brasserie \/ Room Service R\u00e9servations et acc\u00e8s Book API Traiteur Thales Brest (mise \u00e0 jour : mars 2025) Pour r\u00e9server au Club \/ Brasserie \/ Room Service, vous devez \u00eatre inscrit aupr\u00e8s du secr\u00e9taire du CSE, David Hervouet. Pour ajouter une nouvelle personne autoris\u00e9e \u00e0 effectuer des r\u00e9servations, merci de contacter le secr\u00e9taire&hellip; <\/p>\n<div class=\"readmore-wrapper\"><a href=\"https:\/\/www.restaurant-thalesbrest.fr\/index.php\/restauration-commerciale\/\" class=\"more-link\">Read <\/a><\/div>\n","protected":false},"author":1,"featured_media":0,"parent":0,"menu_order":0,"comment_status":"closed","ping_status":"closed","template":"","meta":{"footnotes":""},"class_list":["post-76","page","type-page","status-publish","hentry"],"_links":{"self":[{"href":"https:\/\/www.restaurant-thalesbrest.fr\/index.php\/wp-json\/wp\/v2\/pages\/76","targetHints":{"allow":["GET"]}}],"collection":[{"href":"https:\/\/www.restaurant-thalesbrest.fr\/index.php\/wp-json\/wp\/v2\/pages"}],"about":[{"href":"https:\/\/www.restaurant-thalesbrest.fr\/index.php\/wp-json\/wp\/v2\/types\/page"}],"author":[{"embeddable":true,"href":"https:\/\/www.restaurant-thalesbrest.fr\/index.php\/wp-json\/wp\/v2\/users\/1"}],"replies":[{"embeddable":true,"href":"https:\/\/www.restaurant-thalesbrest.fr\/index.php\/wp-json\/wp\/v2\/comments?post=76"}],"version-history":[{"count":42,"href":"https:\/\/www.restaurant-thalesbrest.fr\/index.php\/wp-json\/wp\/v2\/pages\/76\/revisions"}],"predecessor-version":[{"id":1281,"href":"https:\/\/www.restaurant-thalesbrest.fr\/index.php\/wp-json\/wp\/v2\/pages\/76\/revisions\/1281"}],"wp:attachment":[{"href":"https:\/\/www.restaurant-thalesbrest.fr\/index.php\/wp-json\/wp\/v2\/media?parent=76"}],"curies":[{"name":"wp","href":"https:\/\/api.w.org\/{rel}","templated":true}]}}