{"id":387,"date":"2024-03-13T08:30:06","date_gmt":"2024-03-13T08:30:06","guid":{"rendered":"https:\/\/www.restaurant-thalesbrest.fr\/?page_id=387"},"modified":"2025-02-03T16:19:00","modified_gmt":"2025-02-03T16:19:00","slug":"elementor-387","status":"publish","type":"page","link":"https:\/\/www.restaurant-thalesbrest.fr\/index.php\/restauration-sociale\/elementor-387\/","title":{"rendered":"Compte C\u00f4t\u00e9 Resto"},"content":{"rendered":"\t\t<div data-elementor-type=\"wp-page\" data-elementor-id=\"387\" class=\"elementor elementor-387\">\n\t\t\t\t<div class=\"elementor-element elementor-element-8b90de8 e-flex e-con-boxed e-con e-parent\" data-id=\"8b90de8\" data-element_type=\"container\">\n\t\t\t\t\t<div class=\"e-con-inner\">\n\t\t\t\t\t<\/div>\n\t\t\t\t<\/div>\n\t\t<div class=\"elementor-element elementor-element-5f9feb7 e-flex e-con-boxed e-con e-parent\" data-id=\"5f9feb7\" data-element_type=\"container\">\n\t\t\t\t\t<div class=\"e-con-inner\">\n\t\t<div class=\"elementor-element elementor-element-d3e5309 e-con-full e-flex e-con e-child\" data-id=\"d3e5309\" data-element_type=\"container\">\n\t\t\t\t<div class=\"elementor-element elementor-element-6e0c5c3 elementor-widget elementor-widget-heading\" data-id=\"6e0c5c3\" data-element_type=\"widget\" data-widget_type=\"heading.default\">\n\t\t\t\t<div class=\"elementor-widget-container\">\n\t\t\t<h2 class=\"elementor-heading-title elementor-size-default\">Votre compte C\u00f4t\u00e9 Resto<\/h2>\t\t<\/div>\n\t\t\t\t<\/div>\n\t\t\t\t<div class=\"elementor-element elementor-element-e33013d elementor-widget elementor-widget-text-editor\" data-id=\"e33013d\" data-element_type=\"widget\" data-widget_type=\"text-editor.default\">\n\t\t\t\t<div class=\"elementor-widget-container\">\n\t\t\t\t\t\t\t<p><span style=\"font-size: 16px; font-family: arial, helvetica, sans-serif;\">Avec <strong>C\u00f4t\u00e9 Resto<\/strong>, vous pouvez <strong>recharger votre compte en ligne<\/strong> et utiliser votre solde directement pour vos repas. Plus besoin de recharger \u00e0 la caisse du restaurant, tout est accessible via votre compte personnel.<\/span><\/p>\t\t\t\t\t\t<\/div>\n\t\t\t\t<\/div>\n\t\t\t\t<div class=\"elementor-element elementor-element-064b3bf elementor-widget elementor-widget-button\" data-id=\"064b3bf\" data-element_type=\"widget\" data-widget_type=\"button.default\">\n\t\t\t\t<div class=\"elementor-widget-container\">\n\t\t\t\t\t\t\t<div class=\"elementor-button-wrapper\">\n\t\t\t\t\t<a class=\"elementor-button elementor-button-link elementor-size-sm\" href=\"https:\/\/cote-resto.com\/\" target=\"_blank\">\n\t\t\t\t\t\t<span class=\"elementor-button-content-wrapper\">\n\t\t\t\t\t\t\t\t\t<span class=\"elementor-button-text\">Recharger mon compte<\/span>\n\t\t\t\t\t<\/span>\n\t\t\t\t\t<\/a>\n\t\t\t\t<\/div>\n\t\t\t\t\t\t<\/div>\n\t\t\t\t<\/div>\n\t\t\t\t<div class=\"elementor-element elementor-element-9f33ff5 elementor-widget elementor-widget-text-editor\" data-id=\"9f33ff5\" data-element_type=\"widget\" data-widget_type=\"text-editor.default\">\n\t\t\t\t<div class=\"elementor-widget-container\">\n\t\t\t\t\t\t\t<p><span style=\"font-size: 16px;\">Vous n&rsquo;avez pas de compte C\u00f4t\u00e9 Resto ?<\/span><\/p><ul><li><p><span style=\"color: #ff6600; font-size: 16px;\">Cr\u00e9er votre compte :<\/span><br \/><span style=\"font-size: 16px;\">Acc\u00e9dez au formulaire d\u2019inscription via le lien suivant :<\/span><br \/><span style=\"font-size: 16px;\"><a href=\"https:\/\/api.x-gil.fr\/api-register?site=THALES29\" target=\"_new\" rel=\"noopener\">https:\/\/api.x-gil.fr\/api-register?site=THALES29<\/a><\/span><\/p><\/li><li><p><span style=\"color: #ff6600; font-size: 16px;\">Identifiant :<\/span><br \/><span style=\"font-size: 16px;\">R\u00e9cup\u00e9rez l\u2019identifiant indiqu\u00e9 sur votre ticket de caisse.<\/span><\/p><\/li><li><p><span style=\"color: #ff6600; font-size: 16px;\">D\u00e9finir votre mot de passe :<\/span><br \/><span style=\"font-size: 16px;\">\u00c0 la fin de l\u2019inscription, vous recevrez un e-mail avec un lien pour d\u00e9finir votre mot de passe.<\/span><\/p><\/li><\/ul>\t\t\t\t\t\t<\/div>\n\t\t\t\t<\/div>\n\t\t\t\t<div class=\"elementor-element elementor-element-a774426 elementor-widget elementor-widget-spacer\" data-id=\"a774426\" data-element_type=\"widget\" data-widget_type=\"spacer.default\">\n\t\t\t\t<div class=\"elementor-widget-container\">\n\t\t\t\t\t<div class=\"elementor-spacer\">\n\t\t\t<div class=\"elementor-spacer-inner\"><\/div>\n\t\t<\/div>\n\t\t\t\t<\/div>\n\t\t\t\t<\/div>\n\t\t\t\t<\/div>\n\t\t<div class=\"elementor-element elementor-element-c565b4a e-con-full e-flex e-con e-child\" data-id=\"c565b4a\" data-element_type=\"container\">\n\t\t\t\t<div class=\"elementor-element elementor-element-4eadf21 elementor-widget elementor-widget-image\" data-id=\"4eadf21\" data-element_type=\"widget\" data-widget_type=\"image.default\">\n\t\t\t\t<div class=\"elementor-widget-container\">\n\t\t\t\t\t\t\t\t\t\t\t\t\t<img fetchpriority=\"high\" decoding=\"async\" width=\"643\" height=\"1024\" src=\"https:\/\/www.restaurant-thalesbrest.fr\/wp-content\/uploads\/2024\/03\/Ticket-de-caisse-modele-643x1024.png\" class=\"attachment-large size-large wp-image-469\" alt=\"\" srcset=\"https:\/\/www.restaurant-thalesbrest.fr\/wp-content\/uploads\/2024\/03\/Ticket-de-caisse-modele-643x1024.png 643w, https:\/\/www.restaurant-thalesbrest.fr\/wp-content\/uploads\/2024\/03\/Ticket-de-caisse-modele-188x300.png 188w, https:\/\/www.restaurant-thalesbrest.fr\/wp-content\/uploads\/2024\/03\/Ticket-de-caisse-modele-38x60.png 38w, https:\/\/www.restaurant-thalesbrest.fr\/wp-content\/uploads\/2024\/03\/Ticket-de-caisse-modele.png 645w\" sizes=\"(max-width: 643px) 100vw, 643px\" \/>\t\t\t\t\t\t\t\t\t\t\t\t\t<\/div>\n\t\t\t\t<\/div>\n\t\t\t\t<\/div>\n\t\t\t\t\t<\/div>\n\t\t\t\t<\/div>\n\t\t<div class=\"elementor-element elementor-element-f0b217a e-flex e-con-boxed e-con e-parent\" data-id=\"f0b217a\" data-element_type=\"container\">\n\t\t\t\t\t<div class=\"e-con-inner\">\n\t\t<div class=\"elementor-element elementor-element-e8b42e3 e-con-full e-flex e-con e-child\" data-id=\"e8b42e3\" data-element_type=\"container\">\n\t\t\t\t<div class=\"elementor-element elementor-element-f80526d elementor-widget elementor-widget-image\" data-id=\"f80526d\" data-element_type=\"widget\" data-widget_type=\"image.default\">\n\t\t\t\t<div class=\"elementor-widget-container\">\n\t\t\t\t\t\t\t\t\t\t\t\t\t<img decoding=\"async\" width=\"780\" height=\"585\" src=\"https:\/\/www.restaurant-thalesbrest.fr\/wp-content\/uploads\/2024\/03\/20231123_113254-1024x768.jpg\" class=\"attachment-large size-large wp-image-320\" alt=\"\" srcset=\"https:\/\/www.restaurant-thalesbrest.fr\/wp-content\/uploads\/2024\/03\/20231123_113254-1024x768.jpg 1024w, https:\/\/www.restaurant-thalesbrest.fr\/wp-content\/uploads\/2024\/03\/20231123_113254-300x225.jpg 300w, https:\/\/www.restaurant-thalesbrest.fr\/wp-content\/uploads\/2024\/03\/20231123_113254-768x576.jpg 768w, https:\/\/www.restaurant-thalesbrest.fr\/wp-content\/uploads\/2024\/03\/20231123_113254-1536x1152.jpg 1536w, https:\/\/www.restaurant-thalesbrest.fr\/wp-content\/uploads\/2024\/03\/20231123_113254-2048x1536.jpg 2048w, https:\/\/www.restaurant-thalesbrest.fr\/wp-content\/uploads\/2024\/03\/20231123_113254-80x60.jpg 80w\" sizes=\"(max-width: 780px) 100vw, 780px\" \/>\t\t\t\t\t\t\t\t\t\t\t\t\t<\/div>\n\t\t\t\t<\/div>\n\t\t\t\t<\/div>\n\t\t<div class=\"elementor-element elementor-element-785b80c e-con-full e-flex e-con e-child\" data-id=\"785b80c\" data-element_type=\"container\">\n\t\t\t\t<div class=\"elementor-element elementor-element-66148f9 elementor-widget elementor-widget-image\" data-id=\"66148f9\" data-element_type=\"widget\" data-widget_type=\"image.default\">\n\t\t\t\t<div class=\"elementor-widget-container\">\n\t\t\t\t\t\t\t\t\t\t\t\t\t<img decoding=\"async\" width=\"780\" height=\"585\" src=\"https:\/\/www.restaurant-thalesbrest.fr\/wp-content\/uploads\/2024\/03\/20231011_112710-1024x768.jpg\" class=\"attachment-large size-large wp-image-319\" alt=\"\" srcset=\"https:\/\/www.restaurant-thalesbrest.fr\/wp-content\/uploads\/2024\/03\/20231011_112710-1024x768.jpg 1024w, https:\/\/www.restaurant-thalesbrest.fr\/wp-content\/uploads\/2024\/03\/20231011_112710-300x225.jpg 300w, https:\/\/www.restaurant-thalesbrest.fr\/wp-content\/uploads\/2024\/03\/20231011_112710-768x576.jpg 768w, https:\/\/www.restaurant-thalesbrest.fr\/wp-content\/uploads\/2024\/03\/20231011_112710-1536x1152.jpg 1536w, https:\/\/www.restaurant-thalesbrest.fr\/wp-content\/uploads\/2024\/03\/20231011_112710-2048x1536.jpg 2048w, https:\/\/www.restaurant-thalesbrest.fr\/wp-content\/uploads\/2024\/03\/20231011_112710-80x60.jpg 80w\" sizes=\"(max-width: 780px) 100vw, 780px\" \/>\t\t\t\t\t\t\t\t\t\t\t\t\t<\/div>\n\t\t\t\t<\/div>\n\t\t\t\t<\/div>\n\t\t\t\t\t<\/div>\n\t\t\t\t<\/div>\n\t\t<div class=\"elementor-element elementor-element-9aafe5d e-flex e-con-boxed e-con e-parent\" data-id=\"9aafe5d\" data-element_type=\"container\">\n\t\t\t\t\t<div class=\"e-con-inner\">\n\t\t\t\t\t<\/div>\n\t\t\t\t<\/div>\n\t\t<div class=\"elementor-element elementor-element-4d5b1fd e-flex e-con-boxed e-con e-parent\" data-id=\"4d5b1fd\" data-element_type=\"container\">\n\t\t\t\t\t<div class=\"e-con-inner\">\n\t\t\t\t\t<\/div>\n\t\t\t\t<\/div>\n\t\t\t\t<\/div>\n\t\t","protected":false},"excerpt":{"rendered":"<p>Votre compte C\u00f4t\u00e9 Resto Avec C\u00f4t\u00e9 Resto, vous pouvez recharger votre compte en ligne et utiliser votre solde directement pour vos repas. Plus besoin de recharger \u00e0 la caisse du restaurant, tout est accessible via votre compte personnel. Recharger mon compte Vous n&rsquo;avez pas de compte C\u00f4t\u00e9 Resto ? Cr\u00e9er votre compte :Acc\u00e9dez au formulaire&hellip; <\/p>\n<div class=\"readmore-wrapper\"><a href=\"https:\/\/www.restaurant-thalesbrest.fr\/index.php\/restauration-sociale\/elementor-387\/\" class=\"more-link\">Read <\/a><\/div>\n","protected":false},"author":1,"featured_media":0,"parent":791,"menu_order":0,"comment_status":"closed","ping_status":"closed","template":"elementor_header_footer","meta":{"footnotes":""},"class_list":["post-387","page","type-page","status-publish","hentry"],"_links":{"self":[{"href":"https:\/\/www.restaurant-thalesbrest.fr\/index.php\/wp-json\/wp\/v2\/pages\/387","targetHints":{"allow":["GET"]}}],"collection":[{"href":"https:\/\/www.restaurant-thalesbrest.fr\/index.php\/wp-json\/wp\/v2\/pages"}],"about":[{"href":"https:\/\/www.restaurant-thalesbrest.fr\/index.php\/wp-json\/wp\/v2\/types\/page"}],"author":[{"embeddable":true,"href":"https:\/\/www.restaurant-thalesbrest.fr\/index.php\/wp-json\/wp\/v2\/users\/1"}],"replies":[{"embeddable":true,"href":"https:\/\/www.restaurant-thalesbrest.fr\/index.php\/wp-json\/wp\/v2\/comments?post=387"}],"version-history":[{"count":79,"href":"https:\/\/www.restaurant-thalesbrest.fr\/index.php\/wp-json\/wp\/v2\/pages\/387\/revisions"}],"predecessor-version":[{"id":1235,"href":"https:\/\/www.restaurant-thalesbrest.fr\/index.php\/wp-json\/wp\/v2\/pages\/387\/revisions\/1235"}],"up":[{"embeddable":true,"href":"https:\/\/www.restaurant-thalesbrest.fr\/index.php\/wp-json\/wp\/v2\/pages\/791"}],"wp:attachment":[{"href":"https:\/\/www.restaurant-thalesbrest.fr\/index.php\/wp-json\/wp\/v2\/media?parent=387"}],"curies":[{"name":"wp","href":"https:\/\/api.w.org\/{rel}","templated":true}]}}